 is the units digit of n?
8
Suppose 2*s = -6 + 24. Let x(a) = 9*a**2 + 27*a + 21. Let i(d) = 5*d**2 + 14*d + 11. Let b(g) = 11*i(g) - 6*x(g). What is the units digit of b(s)?
4
Let r be (-9)/(-2) + 4/8. Suppose -3*c = -n + 5*n - 47, 3*n = r*c - 30. What is the units digit of c?
9
What is the hundreds digit of (40 - (-1)/(-1))*44/12?
1
Let d = 2 + 0. Suppose d*f = m + 6, -m - 4 = -4*f + 3*m. What is the units digit of f?
5
Let u(o) = 1 - 9 + 6*o + 1 + 2*o**2. What is the tens digit of u(-5)?
1
Let i be 6/10 - 57/(-5). Suppose -t + 3*t + i = 0. Let h = t - -8. What is the units digit of h?
2
Suppose 0 = j - 70 - 41. What is the hundreds digit of j?
1
Let l = 6 - 4. Suppose 1 = 5*y - 9. Suppose l*a - 2*q = y*q + 2, a - q - 4 = 0. What is the units digit of a?
7
Let a(n) = -n**3 + 9*n**2 - n - 8. What is the units digit of a(6)?
4
Let x(u) = 23*u**2 + 4*u - 5. What is the hundreds digit of x(4)?
3
Let f be (-4)/16 + (-9)/(-4). Suppose -2*o + 184 = f*o. Suppose 4*u - 6 = o. What is the tens digit of u?
1
Let t(o) = -o + 6. Let v be t(6). Let a(q) = -q + 37. Let r be a(v). Let y = r - 25. What is the tens digit of y?
1
Suppose 0 = 5*p - 138 - 187. What is the tens digit of p?
6
Let f = -116 + 200. What is the tens digit of f?
8
Let b be 5/2 + (-5)/(-10). Let s = 8 - b. Let q = 8 - s. What is the units digit of q?
3
Suppose 3*h = -3*d + 21, 0*h + 2*d = -3*h + 16. Suppose -4*s = 0, -h*u + 18 = u + s. What is the units digit of u?
6
Suppose -6*h + 25 = -h, 0 = -5*f - 3*h + 180. What is the units digit of f?
3
Let l(b) = -b**3 - 16*b**2 - 17*b - 16. Let r be l(-15). Suppose 0 = -m + 4*u + 6, u - 3*u = -m + r. What is the units digit of m?
2
Let b be ((-56)/35)/((-4)/70). Suppose 3*d = z - b, 0*z = -3*z + 3*d + 66. What is the tens digit of z?
1
Let p(y) = 10*y**3 - 2*y**2 + 2*y - 1. Suppose -5 = -8*w + 3*w. What is the units digit of p(w)?
9
Let b be (3/(-6))/((-2)/20). Suppose 0 = -b*g - 3*w + 2*w + 44, 3*g + 5*w = 44. Suppose q - 3*u = g, 2*u - 6 = -5*q - 0. What is the units digit of q?
2
Let f be (-2)/6 - (-7)/3. Let x be ((-12)/20)/((-3)/10). Suppose -f*q - 2*a = -32, -2*a = -x*q + a + 27. What is the units digit of q?
5
Let k = -107 + 109. What is the units digit of k?
2
Let u = 14 - 9. Let r = u - -3. What is the units digit of r?
8
Let l = 6 + -4. Let f(z) = z**2 - z**2 - z**l - 7*z - 1. What is the units digit of f(-6)?
5
What is the tens digit of (342/(-27))/((-4)/18)?
5
Suppose -2*v - 3*a + 250 - 13 = 0, -5*v - 5*a + 590 = 0. What is the hundreds digit of v?
1
Let h = -78 + -10. What is the units digit of h/(-14) - (-4)/(-14)?
6
Suppose 0 = -r + 2 - 4. Let j be (-7)/(-2) + (-3)/r. What is the units digit of (-57)/(-4) - j/20?
4
Suppose 0*d - 932 = -4*d. What is the tens digit of d?
3
Let v(y) = 2*y + 8 + 0 - y. Suppose 5*u - w + 30 = 0, 0*w + 15 = -3*w. What is the units digit of v(u)?
1
Let r(g) = g + 5. Let a(l) = 3*l - 3. Let o be a(3). What is the units digit of r(o)?
1
Suppose -5*v + 0*o + 13 = -o, -o = 3*v - 3. Let r be (-178)/(-6) + v/(-3). Suppose -z - r = -6*z + 3*l, 0 = 2*z - 2*l - 14. What is the units digit of z?
4
Suppose z = 2*z. Suppose 4*q + z*q = 5*x + 111, -q = -2*x - 27. What is the tens digit of q?
2
Suppose i + 8 = 3*i. Let z = 10 + i. What is the units digit of z?
4
Suppose 4*k - 3*p - 238 = 0, 3*k + 65 = 4*k + 2*p. What is the units digit of k?
1
Let v(p) = p**2 + 3*p - 5. What is the units digit of v(-11)?
3
Suppose 3*i + 6888 = 24*i. What is the units digit of i?
8
Let y(r) = -r**3 + 17*r**2 - 21*r + 9. What is the tens digit of y(15)?
4
Let o(w) = 3*w**2 - 12*w + 10. Let q(t) = 4*t**2 - 18*t + 15. Let u(z) = -7*o(z) + 5*q(z). What is the tens digit of u(-4)?
1
Let q = -210 + 364. What is the hundreds digit of q?
1
Let j = -65 - -156. Suppose -8*c + j = -c. What is the units digit of c?
3
Let v = 200 + 133. What is the tens digit of v?
3
Let y(c) = c**2 + 2*c - 5. Let r(m) = -m - 2. Suppose -3 = -5*t + 12. Let s be r(t). What is the tens digit of y(s)?
1
Suppose 0*b - 2*b - 5*y + 17 = 0, 2*b - 21 = -y. Suppose -b + 35 = 4*v. What is the units digit of v?
6
Let u(t) = t + 19. What is the tens digit of u(0)?
1
Let v = 25 + -19. Suppose -8*h + 66 = -v*h. What is the units digit of h?
3
Let k(x) be the first derivative of -x**2 - 2*x + x**2 + 3 - 2*x**2 - x. What is the tens digit of k(-4)?
1
What is the units digit of 12 + -10 - (-65 + -2)?
9
Let z(h) be the first derivative of -h**3/3 + 4*h**2 - 6*h - 2. Let k be z(7). Suppose -i = -0*i - k. What is the units digit of i?
1
Let m = 523 + -251. What is the units digit of m?
2
Suppose 7 = 2*s - c, 2*s - 4*c - 4 = -0*s. Suppose -v - v = -s. Suppose 0*p = -3*f + 5*p + 44, -24 = -4*f - v*p. What is the units digit of f?
8
Suppose 4*n + 0*n = -4*h + 888, -5*h = -2*n + 451. What is the units digit of n?
3
Let b(g) = -g**3 - 2*g**2 - g. Let c be ((-5)/(-3))/((-1)/3). Let y(x) = -x**2 - 4*x + 3. Let p be y(c). What is the units digit of b(p)?
2
Let j(l) be the second derivative of l**4/12 + 5*l**3/6 - 3*l**2/2 - 2*l. Let r be j(-6). Suppose -q + 40 = r*q. What is the units digit of q?
0
Suppose 8*g + 68 = 10*g. What is the tens digit of g?
3
Let y(r) = r**3 + 6*r**2 + 6*r + 7. Let d be y(-5). Suppose 4*l - 2 - 10 = 0, d*q - 3*l = -3. What is the units digit of q/(3/4)*2?
8
Let l(f) = f**2 - 5*f + 6. Let b be l(5). Suppose g - 27 = -3*w - 2*w, 0 = 3*w + b. What is the units digit of g?
7
Suppose i = 5*r + 348, 5*i + 0*r - 1764 = r. What is the tens digit of i?
5
Let d(y) = y**2 - 12*y + 30. What is the tens digit of d(12)?
3
Suppose -z = 5*w - 747, 4*w = 5*z + 95 + 491. What is the units digit of w?
9
Let z(b) = 4*b**2 + 2*b + 37. What is the units digit of z(-6)?
9
Let b = 19 + -13. Let y = 37 - b. What is the units digit of y?
1
Suppose -345 = 3*t + 2*b, -b = -1 - 2. Let m = -53 - t. Suppose 0 = -q + 5*q - m. What is the units digit of q?
6
Suppose 0 = 3*m + i - 1, 5*m - 4*i - 30 = 0. Suppose 4*l + 0*l - 28 = m*f, -5*l = 4*f - 9. What is the units digit of l?
5
Suppose -3*m - 2*z - 32 = -7*m, 0 = 3*m - 2*z - 25. Suppose 5*k - 9 = -r - 28, r - 9 = 2*k. Let h = m - r. What is the units digit of h?
6
Let f(c) = -5*c + 5. Let t(d) = 4*d - 5. Let q(y) = 5*f(y) + 6*t(y). What is the units digit of q(-8)?
3
Suppose 0 = -p + 4*l + 42, 2*l + l = -4*p + 206. What is the units digit of p?
0
Let l(n) = -n**2 - 2. Let r be l(-4). Let p = -13 - r. What is the units digit of p?
5
Suppose 3 = -w - 0*w, -t + 5*w = -15. Let h = 15 + t. What is the tens digit of h?
1
Let z(r) = -2*r - 9. Let d be z(10). Let c = -17 - d. What is the units digit of c?
2
Suppose 21 = 3*d - 51. Suppose 2*c + 4*g - d = 0, 4*c - 6*g - 9 = -g. What is the units digit of ((-8)/c)/(3/(-9))?
4
Let p = -91 + 157. What is the units digit of p?
6
Suppose 4*k + 30 = k. Let j(o) = o**2 + 6*o - 5. Let u be j(-6). Let f = u - k. What is the units digit of f?
5
Suppose 1218 = -5*g - 1502. What is the units digit of (g/24)/((-2)/3)?
4
Let q = -4 + -4. Suppose 0 = -4*h + h + 42. Let d = q + h. What is the units digit of d?
6
Let g(l) = 2*l**2 + 3*l. Let q be g(-2). Suppose -4*d + q*p = -154, 2*p - 74 = -d - d. What is the units digit of d?
8
Let y(l) be the third derivative of l**6/120 + 3*l**5/20 - l**4/12 - l**3/6 - l**2. Suppose 18 - 45 = 3*z. What is the tens digit of y(z)?
1
Suppose x - u = 8, 3*x - 2*u - 37 = -13. What is the units digit of x?
8
Suppose -4*b + m = -935, 2*b - 2*m - 463 = 3*m. What is the hundreds digit of b?
2
Let w = 32 + -28. Let z(q) be the first derivative of q**4/4 - 4*q**3/3 + q**2/2 - 1. What is the units digit of z(w)?
4
Suppose w + 3*w = -4*s + 12, -3*s - 3 = -3*w. Suppose -2*z = b - 33, -56 = -2*b - z + w*z. What is the tens digit of b?
2
Suppose -4*v + 4*j + 32 = 0, 0*v - 5*v = j - 10. What is the units digit of v?
3
Suppose -4*v - 12 = 8. What is the units digit of ((-2)/6)/(v/15)?
1
Suppose 3*p - 3*v - 102 = 0, p + 3*v = -3*p + 122. What is the units digit of p?
2
Let k be (10/(-3))/(4/(-6)). Suppose 4*d = 7 + k. Suppose -2*w - f + 34 = 0, d*f - 7 + 25 = 2*w. What is the tens digit of w?
1
Let b(k) = k. Let p(w) = 9*w**3 - w + 2. Let y be p(1). What is the units digit of b(y)?
0
Let d be (-5*2)/(2 + -4). What is the units digit of (-308)/(-10) + (-4)/d?
0
Let x(j) = -2*j + 0*j - 2 - 3*j. Let q